{"id":740,"date":"2022-04-06T15:08:51","date_gmt":"2022-04-06T13:08:51","guid":{"rendered":"http:\/\/www.iml.rwth-aachen.de\/?page_id=740"},"modified":"2025-02-11T14:31:47","modified_gmt":"2025-02-11T13:31:47","slug":"mikrosondenlabor","status":"publish","type":"page","link":"https:\/\/www.iml.rwth-aachen.de\/?page_id=740","title":{"rendered":"Mikrosondenlabor"},"content":{"rendered":"\t\t<div data-elementor-type=\"wp-page\" data-elementor-id=\"740\" class=\"elementor elementor-740\">\n\t\t\t\t\t\t<section class=\"elementor-section elementor-top-section elementor-element elementor-element-16368364 elementor-section-boxed elementor-section-height-default elementor-section-height-default\" data-id=\"16368364\" data-element_type=\"section\">\n\t\t\t\t\t\t<div class=\"elementor-container elementor-column-gap-default\">\n\t\t\t\t\t<div class=\"elementor-column elementor-col-100 elementor-top-column elementor-element elementor-element-5229e9cf\" data-id=\"5229e9cf\" data-element_type=\"column\">\n\t\t\t<div class=\"elementor-widget-wrap elementor-element-populated\">\n\t\t\t\t\t\t<div class=\"elementor-element elementor-element-253b6af8 elementor-widget elementor-widget-text-editor\" data-id=\"253b6af8\" data-element_type=\"widget\" data-widget_type=\"text-editor.default\">\n\t\t\t\t<div class=\"elementor-widget-container\">\n\t\t\t\t\t\t\t\t\t<h1 style=\"text-align: center;\"><span style=\"font-size: medium;\">Mikrosondenlabor<\/span><\/h1><p><img decoding=\"async\" class=\"alignnone size-medium wp-image-775 aligncenter\" src=\"http:\/\/www.iml.rwth-aachen.de\/wp-content\/uploads\/2022\/06\/MiSoISP100-166x300.jpg\" alt=\"\" width=\"166\" height=\"300\" srcset=\"https:\/\/www.iml.rwth-aachen.de\/wp-content\/uploads\/2022\/06\/MiSoISP100-166x300.jpg 166w, https:\/\/www.iml.rwth-aachen.de\/wp-content\/uploads\/2022\/06\/MiSoISP100-565x1024.jpg 565w, https:\/\/www.iml.rwth-aachen.de\/wp-content\/uploads\/2022\/06\/MiSoISP100-768x1391.jpg 768w, https:\/\/www.iml.rwth-aachen.de\/wp-content\/uploads\/2022\/06\/MiSoISP100-848x1536.jpg 848w, https:\/\/www.iml.rwth-aachen.de\/wp-content\/uploads\/2022\/06\/MiSoISP100-1131x2048.jpg 1131w, https:\/\/www.iml.rwth-aachen.de\/wp-content\/uploads\/2022\/06\/MiSoISP100-scaled.jpg 1413w\" sizes=\"(max-width: 166px) 100vw, 166px\" \/><\/p><p style=\"text-align: center;\">Mikrosonde JEOL JXA-iSP 100<\/p><p>Die Elektronenstrahl-Mikrosonde (Mikrosonde) ist ein analytisches Gro\u00dfger\u00e4t, mit deren Hilfe man die chemische Analyse einer Probe durchf\u00fchren kann. Der gro\u00dfe Vorzug der Mikrosonde gegen\u00fcber anderen Analysenverfahren liegt in der M\u00f6glichkeit, geringe Teilbereiche (bis zu einem Volumen von wenigen \u00b5m3) praktisch ohne Zerst\u00f6rung der Probensubstanz zu analysieren. Ein fein geb\u00fcndelter Elektronenstrahl (Durchmesser ca. 1\u00b5m) wird auf die zuvor gut polierte Oberfl\u00e4che der zu untersuchenden Substanz gerichtet. Die energiereichen Elektronen erzeugen in der Probe u.a. R\u00f6ntgenstrahlen. Sowohl die Wellenl\u00e4ngen als auch die Energien der erzeugten R\u00f6ntgenstrahlen sind elementspezifisch und k\u00f6nnen zur Identifizierung der in der Probe vorhandenen Elemente f\u00fchren. Die Intensit\u00e4t einer charakteristischen Linie eines Elementes ist in erster N\u00e4herung dessen Gewichtskonzentration in der Probensubstanz proportional.<\/p><p>Durch Vergleich der Intensit\u00e4ten der charakteristischen Linie der Probe mit einem Standard bekannter Zusammensetzung kann nach Ber\u00fccksichtigung verschiedener physikalischer Einflussgr\u00f6\u00dfen und entsprechenden Korrekturen eine quantitative Analyse erhalten werden. Die Zerlegung und die Intensit\u00e4tsmessung des erzeugten R\u00f6ntgenspektrums kann auf zwei Arten erfolgen:<\/p><ol><li>Die wellenl\u00e4ngendispersive Analyse (WDS) mit Hilfe von Kristallspektrometern Nachweisgrenzen ca. 0,005% (vom Material abh\u00e4ngig)<\/li><li>Die energiedispersive Analyse (EDS) verwendet einen mit fl\u00fcssigem Stickstoff gek\u00fchlten Halbleiter- Detektor. Nachweisgrenzen ca. 0,5%; schnelle qualitative Erkennung und Analyse der Elemente.<\/li><\/ol><p>Neben quantitativen Punktmessungen und Bestimmung von Profilen \u00fcber die Probe mit regelm\u00e4\u00dfigen Abst\u00e4nden der Punkte kann die Mikrosonde zur Herstellung von Elementverteilungsbildern genutzt werden, wobei in einem Raster einzelne oder mehrere Elemente analysiert und dann als &#8222;chemical mapping&#8220; in bildlicher Darstellung ausgegeben werden. Das elektronenoptische System der Mikrosonde erlaubt die Erzeugung von R\u00fcckstreu- und Sekund\u00e4relektronenbildern zur Darstellung des Materialkontrastes bzw. zur hochaufl\u00f6senden Untersuchung der Probenoberfl\u00e4che.<\/p><p>Alle chemischen Elemente von Bor bis Uran k\u00f6nnen analysiert werden. Routinem\u00e4\u00dfig werden hochwertig polierte rechteckige D\u00fcnnschliffe (ca. 28mm x 50 mm) oder runde Anschliffe (\u00d8 25 mm) verwendet, es sind aber auch andere Formate (bis maximal 100 mm x 100 mm x 50 mm) m\u00f6glich. Die Probenoberfl\u00e4chen m\u00fcssen meist durch Bedampfung mit geeigneter Substanz (z.B. C) elektrisch leitf\u00e4hig gemacht werden.<\/p><p>Ein Kathodoluminiszenzdetektor f\u00fcr sichtbares Licht bietet vielseitige Anwendungsm\u00f6glichkeiten, wie z. B. Sichtbarmachung von Zonierungen oder Gef\u00fcgen. Ein separates Computersystem, mit moderner Verarbeitungssoftware ausgestattet, erm\u00f6glicht die Aufbereitung, Auswertung und statistische Bearbeitung der gewonnenen analytischen Daten sowie die Nutzung vieler Bildverarbeitungs- und Archivierungsfunktionen.<\/p><p>Die Benutzung der Mikrosondenanalytik ist insbesondere in den Geowissenschaften au\u00dferordentlich stark verbreitet und wird bei der Kl\u00e4rung unterschiedlichster Fragestellungen verwendet. Aber auch auf den Gebieten industrielle Kontrolle, Halbleitertechnik, Werkstoffkunde, Metallurgie, Medizin, Biologie u.a. kommt die Elektronenstrahlmikrosonde zum Einsatz.<\/p><p>Die Mikrosonde des IML findet Anwendung in den Bereichen Lagerst\u00e4ttenforschung (z.B. Genese von Goldlagerst\u00e4tten), Petrologie und Geochemie (Bildungsbedingungen von Gesteinen, Stofftransport- und Stoffaustauschprozesse), Kristallchemie (Pyrochlor), spezielle Mineralogie (neue Minerale), Arch\u00e4ometrie (z.B. r\u00f6mischer Goldbergbau), Zementherstellung, Umweltgeochemie und anderes mehr.<\/p><p><strong>Kontakt:<\/strong><\/p><p>Dr. Sven Sindern<br \/>W\u00fcllnerstr. 2<br \/>52062 Aachen<br \/>bzw.<br \/>Labor f\u00fcr Geochemie und Umweltanalytik<br \/>S\u00fcsterfeldstrasse 22,<br \/>52072 Aachen<br \/>Tel. 0241\/80-95778<br \/>Fax. 0241\/80-92341<br \/><a href=\"mailto:sindern@rwth-aachen.de\">sindern@rwth-aachen.de<\/a><\/p><p>und<\/p><p>Roman Klinghardt,<br \/>W\u00fcllnerstr. 2<br \/>52062 Aachen<br \/>Tel. 0241\/80-95765<br \/><a href=\"mailto:klinghardt@iml.rwth-aachen.de\">klinghardt@iml.rwth-aachen.de<\/a><\/p>\t\t\t\t\t\t\t\t<\/div>\n\t\t\t\t<\/div>\n\t\t\t\t\t<\/div>\n\t\t<\/div>\n\t\t\t\t\t<\/div>\n\t\t<\/section>\n\t\t\t\t<\/div>\n\t\t","protected":false},"excerpt":{"rendered":"<p>Mikrosondenlabor Mikrosonde JEOL JXA-iSP 100 Die Elektronenstrahl-Mikrosonde (Mikrosonde) ist ein analytisches Gro\u00dfger\u00e4t, mit deren Hilfe man die chemische Analyse einer Probe durchf\u00fchren kann. Der gro\u00dfe Vorzug der Mikrosonde gegen\u00fcber anderen Analysenverfahren liegt in der M\u00f6glichkeit, geringe Teilbereiche (bis zu einem Volumen von wenigen \u00b5m3) praktisch ohne Zerst\u00f6rung der Probensubstanz zu analysieren. Ein fein geb\u00fcndelter Elektronenstrahl [&hellip;]<\/p>\n","protected":false},"author":1,"featured_media":0,"parent":260,"menu_order":0,"comment_status":"closed","ping_status":"closed","template":"","meta":{"footnotes":""},"class_list":["post-740","page","type-page","status-publish","hentry"],"_links":{"self":[{"href":"https:\/\/www.iml.rwth-aachen.de\/index.php?rest_route=\/wp\/v2\/pages\/740","targetHints":{"allow":["GET"]}}],"collection":[{"href":"https:\/\/www.iml.rwth-aachen.de\/index.php?rest_route=\/wp\/v2\/pages"}],"about":[{"href":"https:\/\/www.iml.rwth-aachen.de\/index.php?rest_route=\/wp\/v2\/types\/page"}],"author":[{"embeddable":true,"href":"https:\/\/www.iml.rwth-aachen.de\/index.php?rest_route=\/wp\/v2\/users\/1"}],"replies":[{"embeddable":true,"href":"https:\/\/www.iml.rwth-aachen.de\/index.php?rest_route=%2Fwp%2Fv2%2Fcomments&post=740"}],"version-history":[{"count":19,"href":"https:\/\/www.iml.rwth-aachen.de\/index.php?rest_route=\/wp\/v2\/pages\/740\/revisions"}],"predecessor-version":[{"id":940,"href":"https:\/\/www.iml.rwth-aachen.de\/index.php?rest_route=\/wp\/v2\/pages\/740\/revisions\/940"}],"up":[{"embeddable":true,"href":"https:\/\/www.iml.rwth-aachen.de\/index.php?rest_route=\/wp\/v2\/pages\/260"}],"wp:attachment":[{"href":"https:\/\/www.iml.rwth-aachen.de\/index.php?rest_route=%2Fwp%2Fv2%2Fmedia&parent=740"}],"curies":[{"name":"wp","href":"https:\/\/api.w.org\/{rel}","templated":true}]}}