{"id":264,"date":"2021-11-11T15:49:29","date_gmt":"2021-11-11T14:49:29","guid":{"rendered":"http:\/\/127.0.0.1\/iml\/?page_id=264"},"modified":"2022-04-04T13:49:24","modified_gmt":"2022-04-04T11:49:24","slug":"mineralogische-sammlung","status":"publish","type":"page","link":"https:\/\/www.iml.rwth-aachen.de\/?page_id=264","title":{"rendered":"Mineralogische Sammlung"},"content":{"rendered":"\t\t<div data-elementor-type=\"wp-page\" data-elementor-id=\"264\" class=\"elementor elementor-264\">\n\t\t\t\t\t\t<section class=\"elementor-section elementor-top-section elementor-element elementor-element-714ef0c5 elementor-section-boxed elementor-section-height-default elementor-section-height-default\" data-id=\"714ef0c5\" data-element_type=\"section\">\n\t\t\t\t\t\t<div class=\"elementor-container elementor-column-gap-default\">\n\t\t\t\t\t<div class=\"elementor-column elementor-col-100 elementor-top-column elementor-element elementor-element-3c1f9d34\" data-id=\"3c1f9d34\" data-element_type=\"column\">\n\t\t\t<div class=\"elementor-widget-wrap elementor-element-populated\">\n\t\t\t\t\t\t<div class=\"elementor-element elementor-element-b2cccef elementor-widget elementor-widget-text-editor\" data-id=\"b2cccef\" data-element_type=\"widget\" data-widget_type=\"text-editor.default\">\n\t\t\t\t<div class=\"elementor-widget-container\">\n\t\t\t\t\t\t\t\t\t<p><\/p>\n<h2 class=\"wp-block-heading\">Mineralien- und Lagerst\u00e4ttensammlung<\/h2>\n<p><\/p>\n<p><\/p>\n<p>Die Sammlung wurde 1870 gleichzeitig mit dem Lehrstuhl f\u00fcr Mineralogie und H\u00fcttenkunde des K\u00f6niglichen Polytechnikums in Aachen gegr\u00fcndet. Sie wurde vor allem durch Sammeln, weniger durch Kauf und Tausch, aufgebaut. Ein gro\u00dfer Teil der Minerale und Erze weltweiter Herkunft wurde von den Institutsdirektoren Arzruni, Klockmann, Ramdohr und Schachner zusammengetragen. A.E. Arzruni z.B. unternahm mehrere Reisen zu Mineralfundstellen im Ural; die gesammelten Stufen wurden nach wissenschaftlicher Bearbeitung in die Sammlung aufgenommen. In einem ca. 130 qm gro\u00dfen Saal sind in 13 Pultvitrinen \u00fcber 1500 Stufen und 550 Mineralarten, nach der Mineralsystematik von Strunz geordnet, ausgestellt. Weitere drei Vitrinen enthalten Kristallmodelle einiger wichtiger Minerale; in einer Vitrine werden alte Mikroskope und andere alte Ger\u00e4te gezeigt; in zwei Wandvitrinen werden die Eigenschaften von Mineralen behandelt. Auf den G\u00e4ngen des 3. und 4. Stockwerkes sowie in den Treppenh\u00e4usern sind gro\u00dfe Mineralstufen sowie Erze einiger deutscher Lagerst\u00e4tten ausgestellt, einige Vitrinen sind lagerst\u00e4tten- und rohstoffkundlichen Themen gewidmet. Die Sammlung kann im Rahmen des Institutsbetriebes nach vorheriger telefonischer Vereinbarung besichtigt werden: Tel. 0241 8095765<\/p>\n<p><\/p>\n<p><\/p>\n<figure class=\"wp-block-image\"><img fetchpriority=\"high\" decoding=\"async\" class=\"alignnone size-medium\" src=\"http:\/\/www.iml.rwth-aachen.de\/wp-content\/uploads\/images\/Opal_Mineraliensammlung.jpg\" width=\"369\" height=\"259\" \/><\/figure>\n<p><\/p>\n<p><\/p>\n<p>Edelopal, Bulla Creek, Australien \u00a0\u00a0\u00a0\u00a0\u00a0\u00a0\u00a0Breite: 3,5 cm<\/p>\n<p><\/p>\n<p><\/p>\n<figure class=\"wp-block-image\"><img decoding=\"async\" class=\"alignnone size-medium\" src=\"http:\/\/www.iml.rwth-aachen.de\/wp-content\/uploads\/images\/Schalenblende_Mineraliensammlung.jpg\" width=\"369\" height=\"253\" \/><\/figure>\n<p><\/p>\n<p><\/p>\n<p>Schalenblende, Kelmis, Belgien\u00a0\u00a0\u00a0\u00a0\u00a0\u00a0\u00a0\u00a0\u00a0\u00a0Breite: 21 cm <\/p>\n<p><\/p>\t\t\t\t\t\t\t\t<\/div>\n\t\t\t\t<\/div>\n\t\t\t\t\t<\/div>\n\t\t<\/div>\n\t\t\t\t\t<\/div>\n\t\t<\/section>\n\t\t\t\t<\/div>\n\t\t","protected":false},"excerpt":{"rendered":"<p>Mineralien- und Lagerst\u00e4ttensammlung Die Sammlung wurde 1870 gleichzeitig mit dem Lehrstuhl f\u00fcr Mineralogie und H\u00fcttenkunde des K\u00f6niglichen Polytechnikums in Aachen gegr\u00fcndet. Sie wurde vor allem durch Sammeln, weniger durch Kauf und Tausch, aufgebaut. Ein gro\u00dfer Teil der Minerale und Erze weltweiter Herkunft wurde von den Institutsdirektoren Arzruni, Klockmann, Ramdohr und Schachner zusammengetragen. A.E. Arzruni z.B. [&hellip;]<\/p>\n","protected":false},"author":1,"featured_media":0,"parent":0,"menu_order":0,"comment_status":"closed","ping_status":"closed","template":"","meta":{"footnotes":""},"class_list":["post-264","page","type-page","status-publish","hentry"],"_links":{"self":[{"href":"https:\/\/www.iml.rwth-aachen.de\/index.php?rest_route=\/wp\/v2\/pages\/264","targetHints":{"allow":["GET"]}}],"collection":[{"href":"https:\/\/www.iml.rwth-aachen.de\/index.php?rest_route=\/wp\/v2\/pages"}],"about":[{"href":"https:\/\/www.iml.rwth-aachen.de\/index.php?rest_route=\/wp\/v2\/types\/page"}],"author":[{"embeddable":true,"href":"https:\/\/www.iml.rwth-aachen.de\/index.php?rest_route=\/wp\/v2\/users\/1"}],"replies":[{"embeddable":true,"href":"https:\/\/www.iml.rwth-aachen.de\/index.php?rest_route=%2Fwp%2Fv2%2Fcomments&post=264"}],"version-history":[{"count":12,"href":"https:\/\/www.iml.rwth-aachen.de\/index.php?rest_route=\/wp\/v2\/pages\/264\/revisions"}],"predecessor-version":[{"id":637,"href":"https:\/\/www.iml.rwth-aachen.de\/index.php?rest_route=\/wp\/v2\/pages\/264\/revisions\/637"}],"wp:attachment":[{"href":"https:\/\/www.iml.rwth-aachen.de\/index.php?rest_route=%2Fwp%2Fv2%2Fmedia&parent=264"}],"curies":[{"name":"wp","href":"https:\/\/api.w.org\/{rel}","templated":true}]}}