{"id":258,"date":"2021-11-11T15:43:14","date_gmt":"2021-11-11T14:43:14","guid":{"rendered":"http:\/\/127.0.0.1\/iml\/?page_id=258"},"modified":"2023-08-28T14:45:35","modified_gmt":"2023-08-28T12:45:35","slug":"lehre","status":"publish","type":"page","link":"https:\/\/www.iml.rwth-aachen.de\/?page_id=258","title":{"rendered":"Lehre"},"content":{"rendered":"\t\t<div data-elementor-type=\"wp-page\" data-elementor-id=\"258\" class=\"elementor elementor-258\">\n\t\t\t\t\t\t<section class=\"elementor-section elementor-top-section elementor-element elementor-element-16ef8afd elementor-section-boxed elementor-section-height-default elementor-section-height-default\" data-id=\"16ef8afd\" data-element_type=\"section\">\n\t\t\t\t\t\t<div class=\"elementor-container elementor-column-gap-default\">\n\t\t\t\t\t<div class=\"elementor-column elementor-col-100 elementor-top-column elementor-element elementor-element-4828965b\" data-id=\"4828965b\" data-element_type=\"column\">\n\t\t\t<div class=\"elementor-widget-wrap elementor-element-populated\">\n\t\t\t\t\t\t<div class=\"elementor-element elementor-element-32eb1fae elementor-widget elementor-widget-text-editor\" data-id=\"32eb1fae\" data-element_type=\"widget\" data-widget_type=\"text-editor.default\">\n\t\t\t\t<div class=\"elementor-widget-container\">\n\t\t\t\t\t\t\t\t\t<p><\/p>\n<h2 class=\"wp-block-heading\">Lehre, Forschung, Studium<\/h2>\n<p><\/p>\n<p><\/p>\n<p><\/p>\n<p><\/p>\n<ul class=\"wp-block-list\">\n<li><a href=\"https:\/\/online.rwth-aachen.de\/RWTHonline\/pl\/ui\/$ctx;design=ca2;header=max;lang=de\/wbstpcs.showSpoTree?pStStudiumNr=&amp;pSJNr=1696&amp;pStpStpNr=1803&amp;pStartSemester=\">BSc AGW (Angewandte Geowissenschaften)<\/a><\/li>\n<li><a href=\"https:\/\/online.rwth-aachen.de\/RWTHonline\/pl\/ui\/$ctx;design=ca2;header=max;lang=de\/wbstpcs.showSpoTree?pStStudiumNr=&amp;pSJNr=1696&amp;pStpStpNr=1805&amp;pStartSemester=\">BSc GRM (Georessourcenmanagement)<\/a><\/li>\n<li><a href=\"https:\/\/online.rwth-aachen.de\/RWTHonline\/pl\/ui\/$ctx;design=ca2;header=max;lang=de\/wbstpcs.showSpoTree?pStStudiumNr=&#038;pSJNr=1696&#038;pStpStpNr=1804&#038;pStartSemester=\">MSc AGW (Angewandte Geowissenschaften)<\/a><\/li>\n<li><a href=\"https:\/\/online.rwth-aachen.de\/RWTHonline\/pl\/ui\/$ctx;design=ca2;header=max;lang=de\/wbstpcs.showSpoTree?pStStudiumNr=&#038;pSJNr=1696&#038;pStpStpNr=1806&#038;pStartSemester=\">MSc GRM (Georessourcenmanagement)<\/a><\/li>\n<li><a href=\"https:\/\/online.rwth-aachen.de\/RWTHonline\/pl\/ui\/$ctx;design=ca2;header=max;lang=de\/wbstpcs.showSpoTree?pStStudiumNr=&#038;pSJNr=1696&#038;pStpStpNr=1807&#038;pStartSemester=\">MSc APG (Applied Geophysics)<\/a><\/li>\n<li><a href=\"https:\/\/online.rwth-aachen.de\/RWTHonline\/pl\/ui\/$ctx;design=ca2;header=max;lang=de\/wbstpcs.showSpoTree?pStStudiumNr=&#038;pSJNr=1696&#038;pStpStpNr=1842&#038;pStartSemester=\">MSc EGH (Engineering Geohazards)<\/a><\/li>\n<\/ul>\n<p><\/p>\n<p><\/p>\n<p>\u00a0Studienvoraussetzung:<\/p>\n<p><\/p>\n<p><\/p>\n<ul class=\"wp-block-list\">\n<li>Interesse an Naturbeobachtung, wissenschaftliche<br \/>Neugierde<\/li>\n<li>R\u00e4umliches und raumzeitliches Vorstellungsverm\u00f6gen<br \/>Bef\u00e4higung zu mathematischem Denken<\/li>\n<li>Gel\u00e4ndetauglichkeit, Anpassungsverm\u00f6gen und Bereitschaft<br \/>unter z.T. extrem klimatischen und topographischen Bedingungen<br \/>zu arbeiten<\/li>\n<li>Freude am Experiment und an Labort\u00e4tigkeit<br \/>Praktisches Geschick und Verst\u00e4ndnis f\u00fcr technische<br \/>Zusammenh\u00e4nge<\/li>\n<li>Sprachliches und zeichnerisches Ausdrucksverm\u00f6gen<br \/>Organisationstalent und Kooperationsbereitschaft<br \/>Gute Fremdsprachen-Kenntnisse (vor allem Englisch)<\/li>\n<\/ul>\n<p><\/p>\t\t\t\t\t\t\t\t<\/div>\n\t\t\t\t<\/div>\n\t\t\t\t\t<\/div>\n\t\t<\/div>\n\t\t\t\t\t<\/div>\n\t\t<\/section>\n\t\t\t\t<\/div>\n\t\t","protected":false},"excerpt":{"rendered":"<p>Lehre, Forschung, Studium BSc AGW (Angewandte Geowissenschaften) BSc GRM (Georessourcenmanagement) MSc AGW (Angewandte Geowissenschaften) MSc GRM (Georessourcenmanagement) MSc APG (Applied Geophysics) MSc EGH (Engineering Geohazards) \u00a0Studienvoraussetzung: Interesse an Naturbeobachtung, wissenschaftlicheNeugierde R\u00e4umliches und raumzeitliches Vorstellungsverm\u00f6genBef\u00e4higung zu mathematischem Denken Gel\u00e4ndetauglichkeit, Anpassungsverm\u00f6gen und Bereitschaftunter z.T. extrem klimatischen und topographischen Bedingungenzu arbeiten Freude am Experiment und an Labort\u00e4tigkeitPraktisches Geschick [&hellip;]<\/p>\n","protected":false},"author":1,"featured_media":0,"parent":0,"menu_order":0,"comment_status":"closed","ping_status":"closed","template":"","meta":{"footnotes":""},"class_list":["post-258","page","type-page","status-publish","hentry"],"_links":{"self":[{"href":"https:\/\/www.iml.rwth-aachen.de\/index.php?rest_route=\/wp\/v2\/pages\/258","targetHints":{"allow":["GET"]}}],"collection":[{"href":"https:\/\/www.iml.rwth-aachen.de\/index.php?rest_route=\/wp\/v2\/pages"}],"about":[{"href":"https:\/\/www.iml.rwth-aachen.de\/index.php?rest_route=\/wp\/v2\/types\/page"}],"author":[{"embeddable":true,"href":"https:\/\/www.iml.rwth-aachen.de\/index.php?rest_route=\/wp\/v2\/users\/1"}],"replies":[{"embeddable":true,"href":"https:\/\/www.iml.rwth-aachen.de\/index.php?rest_route=%2Fwp%2Fv2%2Fcomments&post=258"}],"version-history":[{"count":13,"href":"https:\/\/www.iml.rwth-aachen.de\/index.php?rest_route=\/wp\/v2\/pages\/258\/revisions"}],"predecessor-version":[{"id":866,"href":"https:\/\/www.iml.rwth-aachen.de\/index.php?rest_route=\/wp\/v2\/pages\/258\/revisions\/866"}],"wp:attachment":[{"href":"https:\/\/www.iml.rwth-aachen.de\/index.php?rest_route=%2Fwp%2Fv2%2Fmedia&parent=258"}],"curies":[{"name":"wp","href":"https:\/\/api.w.org\/{rel}","templated":true}]}}